39. What is the remainder when 66 is divided by t?
10
Suppose -826 = -7*c - 0*c. What is the remainder when c is divided by 20?
18
Suppose -3*p = 4*k - 9*k + 19, 4*p + 5*k = 33. Let j be 9/(-5) - p/10. What is the remainder when 4 is divided by (5 - 5) + j/(-1)?
0
Suppose -4*s = -2*s - 6. Calculate the remainder when 8 is divided by s.
2
Let c(w) = w + 2. Let a be c(5). Let l = 15 - a. What is the remainder when 22 is divided by l?
6
Suppose -3*p = -p - 4*a - 14, -10 = -2*p + 5*a. Let n be 45/(-6)*(-4)/5. Let d = 14 - n. What is the remainder when p is divided by d?
7
Calculate the remainder when 3/(-2)*186/(-9) is divided by 11.
9
Suppose f - 4*f = -42. Calculate the remainder when (24/(-9))/((-2)/30) is divided by f.
12
Let i = 5 + 15. Calculate the remainder when i is divided by 7.
6
Suppose s - 4 - 7 = 0. Suppose 13 + s = 4*u. Calculate the remainder when 9 is divided by u.
3
Suppose -p + 20 - 1 = 0. What is the remainder when 206 is divided by p?
16
Suppose -3*z - z = -900. Suppose 2*h = h + 4. Calculate the remainder when 32 is divided by h/14 + z/21.
10
Let p(h) = -27*h + 1. Suppose -2*v + 304 = 84. Calculate the remainder when v is divided by p(-1).
26
Let a = 6 - -1. Calculate the remainder when a is divided by (-2)/4*-6 - 0.
1
Suppose -516 = -4*o + 2*h, -o + 2*h + 64 = -71. Calculate the remainder when o is divided by 26.
23
Let a = 72 - 54. Let d = 1 + -6. Let n = d + a. Calculate the remainder when 23 is divided by n.
10
Suppose 57 = -2*z + 197. What is the remainder when z is divided by 24?
22
Let o = -15 + 11. Let y(t) = 2*t**2 + 2*t - 1. What is the remainder when y(-3) is divided by o/(-6) - (-30)/9?
3
Let w(f) = f + 6 - f**2 - 9*f + 4. Calculate the remainder when (1/(0 + -1))/(-1) is divided by w(-9).
0
Let n(b) = -b**3 - 7*b**2 - 4*b - 19. Suppose -48 = -4*u + 56. What is the remainder when u is divided by n(-7)?
8
Suppose 0 = 4*m - 4*a - 48, m + 4*a - 6 - 11 = 0. What is the remainder when 25 is divided by m?
12
Suppose 29*k - 68 = 27*k. Let w be 4/(-6) - 14/(-3). Suppose -n + 60 = w*n. Calculate the remainder when k is divided by n.
10
Let h(k) = -k**2 - 14*k - 19. Calculate the remainder when 22 is divided by h(-12).
2
Calculate the remainder when 83 is divided by 4*51*(-2)/(-24).
15
Let x(m) = -m**3 - 7*m**2 + 6*m - 5. Let s be (-30)/(-9)*-6*1. Let y = -28 - s. Calculate the remainder when 32 is divided by x(y).
10
Suppose 3*y - 20 = -y. Suppose 0 = 5*d + 15, -d - 112 = -y*v - 2*d. What is the remainder when 68 is divided by v?
22
Suppose 0 = i + i - 6. Let o = 1 - -7. What is the remainder when o is divided by i?
2
Let a = 13 - -51. What is the remainder when a is divided by (-2)/(-4)*(44 + 0)?
20
Let q(w) = 5*w + 1. Let x(n) = 11*n + 1. Let u(t) = -9*q(t) + 4*x(t). Let h be u(-7). Calculate the remainder when h/8 + 156/16 is divided by 6.
4
Calculate the remainder when 144 is divided by (2/(-6))/(19/(-1197)).
18
Suppose -3*v = -3*l - 10 - 20, l - 5*v = -2. What is the remainder when (3 - 16*2)/(-1) is divided by (15/2)/(l/(-16))?
9
Let z(c) = 56*c + 6. What is the remainder when z(3) is divided by 35?
34
Let f(w) = 2*w - w - 1 - 3. Let c be f(8). Let n = c - 1. What is the remainder when 4 is divided by n?
1
Let k(u) = u + 2. Let n be k(-4). Let y = 40 - 19. What is the remainder when y is divided by 69/6 - n/4?
9
Let y = 41 + 292. Suppose 6*s = 9*s - y. Calculate the remainder when s is divided by 28.
27
Suppose -8*j = -4*j - 20. What is the remainder when 14 is divided by j?
4
Suppose -4*o = -0*o - 5*u - 15, 2*u - 2 = 0. Suppose o*w - 40 = -5*y, y = -y - 3*w + 19. What is the remainder when 19 is divided by y?
4
Calculate the remainder when 69 is divided by 42/28*6*-2*-1.
15
Suppose -o - 14 = -2*l, 4*o = 4*l - 33 - 7. Let k(y) = -y**2 + 11*y - 14. Let h be k(8). Let r = h + o. What is the remainder when r is divided by 3?
1
Let a be (7 - -4) + 2 + -2. Let p(r) = r**3 - 11*r**2 + 2*r - 14. Calculate the remainder when p(a) is divided by 3.
2
Let v(k) = -2*k - 6. What is the remainder when 14 is divided by v(-5)?
2
Suppose 12*t + 22 = 70. What is the remainder when 11 is divided by t?
3
Let j = 8 - 4. Suppose j*m - 82 = 6. What is the remainder when m is divided by 8?
6
Let r(b) = 8 + 2*b + 3 - 6. Let k be r(-4). Let w(n) = -9*n - 1. Calculate the remainder when w(k) is divided by 9.
8
Let t(k) = k**3 + 9*k**2 - 9*k + 13. Let y be t(-10). Suppose 0*a + y*a = 3, 3*f = 2*a + 73. What is the remainder when 47 is divided by f?
22
Calculate the remainder when 53 is divided by (15 - (2 + -1))*1.
11
Let t(s) = 35*s. Let h(o) = 9*o**3 + o**2 + o - 2. Calculate the remainder when t(1) is divided by h(1).
8
Suppose 0 = 3*i + 14 - 44. Suppose 4*r + 2 = -3*v + i, 44 = 3*v - 5*r. Calculate the remainder when 21 is divided by v.
5
Suppose 0*j - 6 = -2*j + a, -4*j + 18 = -5*a. Suppose 4*w - 18 = j*z, 3 = -z - 2*w + 6. What is the remainder when ((-2)/z)/(8/372) is divided by 11?
9
Let q(k) = 40*k**2 + 1. Let m = 570 - 559. Calculate the remainder when q(1) is divided by m.
8
Suppose -c + 104 = -3*i - 2*i, -2*c + 232 = -4*i. Suppose 14 = 5*d + c. Let l = 31 + d. What is the remainder when l is divided by 6?
3
Suppose 23 = -2*d - 7. What is the remainder when (168/d)/((-1)/5) is divided by 19?
18
Suppose 105 = 4*x + 41. Suppose 0*q + 2*q - 3*s - 51 = 0, q = s + 27. What is the remainder when q is divided by x?
14
Let g = 1 - 0. Suppose 2*c = 4*i + 4, 4*i + 4*c + 4 = 24. Suppose 2*h - h - i = 0. What is the remainder when h is divided by g?
0
Let w = -16 - -29. Calculate the remainder when 25 is divided by w.
12
Let g(d) = d**2 - 6*d - 10. Let y be g(8). Let v = -3 + y. Calculate the remainder when 8 is divided by v.
2
Suppose 0 = 5*k - 5*h - 140, -5*k - 4*h = -153 - 14. Let n = -18 + k. What is the remainder when 37 is divided by n?
11
Let z be (1 + 0)/(1/7). Let w(c) = c**3 - 6*c**2 - 3*c - 9. Let d(a) = a**2 + 2*a - 5. Calculate the remainder when w(z) is divided by d(-5).
9
Let g = 40 + 0. Suppose 0 = -s - 0*s - g. Let t = s - -64. What is the remainder when t is divided by 13?
11
Let o(v) = v**2 + 2*v + 3. Let w(a) = -a**3 + 10*a**2 - 8*a + 5. What is the remainder when o(-6) is divided by w(9)?
13
Let j = -84 - -108. Calculate the remainder when 116 is divided by j.
20
Let t = 43 + -3. Suppose -t = -2*i - 14. What is the remainder when i is divided by 7?
6
Let r(m) = -m**3 - 8*m**2 + 7*m - 11. Calculate the remainder when 54 is divided by r(-9).
5
Let d = 11 + 2. Calculate the remainder when d is divided by 8.
5
Suppose 0 = -7*l + 4*l - 5*b, -5*b = 0. What is the remainder when l - (-11 + -3 + 0) is divided by 5?
4
Let z be 132/8 + (-5)/10. Suppose z = f + f. What is the remainder when ((-5)/(-2))/(2/12) is divided by f?
7
Let u be (-8)/1*(-1)/2. Suppose 0 = -u*s - s - 3*c + 164, 140 = 5*s - 5*c. Let g = -290 + 301. What is the remainder when s is divided by g?
9
Suppose -4*d - 9 + 99 = 5*f, -4*f = -2*d - 72. What is the remainder when 69 is divided by f?
15
Suppose 0 = 3*l - 9, 2*l = 4*i - 58 - 8. What is the remainder when i is divided by 4?
2
Let n(h) = h + 1. Let c be n(1). Suppose 0 = -c*a + 6*y - 2*y + 84, -5*y - 89 = -2*a. Calculate the remainder when a is divided by (6/(-2) + -8)*-1.
10
Suppose 0*z + 210 = -5*a - 3*z, 5*z = 0. Let r(w) = w**3 + 5*w**2 + 2*w + 6. What is the remainder when -9*a/9 + -2 is divided by r(-4)?
12
What is the remainder when 125 is divided by (-3 - (5 + -7)) + 43?
41
Let o(g) = -7*g - 9. What is the remainder when o(-14) is divided by 6?
5
Let m(c) = -2*c**3 - c. Let s be m(-1). Suppose s*q + 20 = -q. Calculate the remainder when 20 is divided by q/(-15) + 40/6.
6
What is the remainder when (5 - 7) + 14*2 is divided by 6?
2
Let x(d) = d**2 + d - 5. Let y(s) = -s**3 - 3*s**2 - 2*s. Let i be y(-2). Suppose i = -5*r + 48 + 17. What is the remainder when x(-6) is divided by r?
12
Suppose 5*m - m - 12 = 0. Suppose 0 = b - m*b + 22. Calculate the remainder when b is divided by 7.
4
Let w be 14/21*(3 - 0). Suppose -14 = -v - 1. Suppose -5 = -u, -v = -3*g - w*u + 21. What is the remainder when 15 is divided by g?
7
Let a(p) be the first derivative of 2*p + 20*p**3 + 0*p - 3*p + 2 - 2*p**3. Calculate the remainder when a(1) is divided by 18.
17
Let q(m) = m**2 + 5*m + 2. Let z be q(-5). Suppose 0*o - 